
{"id":501,"date":"2014-12-17T04:33:33","date_gmt":"2014-12-17T04:33:33","guid":{"rendered":"http:\/\/www.mandarinclass.my\/v2\/?page_id=501"},"modified":"2014-12-17T04:33:33","modified_gmt":"2014-12-17T04:33:33","slug":"noun-tourism-spots","status":"publish","type":"page","link":"https:\/\/mandarinclass.my\/v2\/vocabularies-list-%e6%b1%89%e8%af%ad%e8%af%8d%e6%b1%87\/noun-tourism-spots\/","title":{"rendered":"Noun (Tourism spots)"},"content":{"rendered":"<p>1\u53cc\u5cf0\u5854Shu\u0101ng f\u0113ng t\u01ce\t\t\tTwin Tower<br \/>\n2\u8c37\u4e2d\u57ceG\u01d4zh\u014dng ch\u00e9ng\t\t\tMid Valley<br \/>\n3\u72ec\u7acb\u5e7f\u573aD\u00fal\u00ec gu\u01cengch\u01ceng\t\tDataran Merdeka<br \/>\n4\u9633\u5149\u5e7f\u573aY\u00e1nggu\u0101ng gu\u01cengch\u01ceng\tSuria KLCC<br \/>\n5\u4e2d\u73af\u8f66\u7ad9Zh\u014dnghu\u00e1n ch\u0113zh\u00e0n\t\tKL Sentral<br \/>\n6\u5bcc\u90fd\u8f66\u7ad9F\u00f9 d\u014du ch\u0113zh\u00e0n\t\tPudu Raya<br \/>\n7\u5df4\u751f\u8f66\u7ad9B\u0101sh\u0113ng ch\u0113zh\u00e0n\t\tKlang Bus Station<br \/>\n8\u56fd\u5bb6\u7687\u5babGu\u00f3ji\u0101 hu\u00e1ngg\u014dng\t\tNational Palace<br \/>\n9\u56fd\u5bb6 \u52a8\u7269\u56edGu\u00f3ji\u0101 d\u00f2ngw\u00f9yu\u00e1n\tNational Zoo<br \/>\n10\u56fd\u5bb6\u4f53\u80b2\u9986Gu\u00f3ji\u0101 t\u01d0y\u00f9gu\u01cen\t\tNational Stadium<br \/>\n11\u5409\u9686\u5761\u5854J\u00edl\u00f3ngp\u014d t\u01ce\t\t\tKL Tower<br \/>\n12\u5409\u9686\u5761\u706b\u8f66\u7ad9J\u00edl\u00f3ngp\u014d hu\u01d2ch\u0113 zh\u00e0n\tKL Train Station<br \/>\n13\u57ce\u4e2d\u57ceCh\u00e9ngzh\u014dng ch\u00e9ng\t\tKLCC<br \/>\n14\u6e56\u6ee8\u516c\u56edH\u00fab\u012bn g\u014dngyu\u00e1n\t\tTasik Perdana<br \/>\n15\u6d6e\u7f57\u4ea4\u6021F\u00falu\u014dji\u0101oy\u00ed\t\t\tLangkawi<br \/>\n16\u90a6\u54af\u5c9bB\u0101ng g\u0113 d\u01ceo\t\t\tPangkor Island<br \/>\n17\u4e50\u6d6a\u5c9bL\u00e8 l\u00e0ng d\u01ceo\t\t\tRedang Island<br \/>\n18\u91d1\u9a6c\u4ed1\u9ad8\u539fJ\u012bnm\u01ce l\u00fan g\u0101oyu\u00e1n\tCameron Highland<br \/>\n19\u4e91\u9876\u9ad8\u539fY\u00fand\u01d0ng g\u0101oyu\u00e1n\t\tGenting Highland<br \/>\n20\u798f\u9686\u6e2fF\u00fa l\u00f3ng g\u01ceng\t\t\tFraser Hill<br \/>\n21\u9ed1\u98ce\u6d1eH\u0113i f\u0113ng d\u00f2ng\t\t\tBatu Caves<\/p>\n","protected":false},"excerpt":{"rendered":"<p>1\u53cc\u5cf0\u5854Shu\u0101ng f\u0113ng t\u01ce Twin Tower 2\u8c37\u4e2d\u57ceG\u01d4zh\u014dng ch\u00e9ng Mid Valley 3\u72ec\u7acb\u5e7f\u573aD\u00fal\u00ec gu\u01cengch\u01ceng Dataran Merdeka 4\u9633\u5149\u5e7f\u573aY\u00e1nggu\u0101ng gu\u01cengch\u01ceng Suria KLCC 5\u4e2d\u73af\u8f66\u7ad9Zh\u014dnghu\u00e1n ch\u0113zh\u00e0n KL Sentral 6\u5bcc\u90fd\u8f66\u7ad9F\u00f9 d\u014du ch\u0113zh\u00e0n Pudu Raya 7\u5df4\u751f\u8f66\u7ad9B\u0101sh\u0113ng ch\u0113zh\u00e0n Klang Bus Station 8\u56fd\u5bb6\u7687\u5babGu\u00f3ji\u0101 hu\u00e1ngg\u014dng National Palace 9\u56fd\u5bb6 \u52a8\u7269\u56edGu\u00f3ji\u0101 d\u00f2ngw\u00f9yu\u00e1n National Zoo 10\u56fd\u5bb6\u4f53\u80b2\u9986Gu\u00f3ji\u0101 t\u01d0y\u00f9gu\u01cen National Stadium 11\u5409\u9686\u5761\u5854J\u00edl\u00f3ngp\u014d t\u01ce KL Tower 12\u5409\u9686\u5761\u706b\u8f66\u7ad9J\u00edl\u00f3ngp\u014d hu\u01d2ch\u0113 zh\u00e0n KL Train Station 13\u57ce\u4e2d\u57ceCh\u00e9ngzh\u014dng <a href=\"https:\/\/mandarinclass.my\/v2\/vocabularies-list-%e6%b1%89%e8%af%ad%e8%af%8d%e6%b1%87\/noun-tourism-spots\/\">[&#8230;]<\/a><\/p>\n","protected":false},"author":7,"featured_media":0,"parent":464,"menu_order":0,"comment_status":"open","ping_status":"open","template":"","meta":{"footnotes":""},"class_list":["post-501","page","type-page","status-publish","hentry"],"yoast_head":"<!-- This site is optimized with the Yoast SEO plugin v25.4 - https:\/\/yoast.com\/wordpress\/plugins\/seo\/ -->\n<title>Noun (Tourism spots)  - EDU Mandarin (KL) \u5409\u9686\u5761\u5353\u8d8a\u6c49\u8bed<\/title>\n<meta name=\"robots\" content=\"index, follow, max-snippet:-1, max-image-preview:large, max-video-preview:-1\" \/>\n<link rel=\"canonical\" href=\"https:\/\/mandarinclass.my\/v2\/vocabularies-list-\u6c49\u8bed\u8bcd\u6c47\/noun-tourism-spots\/\" \/>\n<meta property=\"og:locale\" content=\"en_US\" \/>\n<meta property=\"og:type\" content=\"article\" \/>\n<meta property=\"og:title\" content=\"Noun (Tourism spots)  - EDU Mandarin (KL) \u5409\u9686\u5761\u5353\u8d8a\u6c49\u8bed\" \/>\n<meta property=\"og:description\" content=\"1\u53cc\u5cf0\u5854Shu\u0101ng f\u0113ng t\u01ce Twin Tower 2\u8c37\u4e2d\u57ceG\u01d4zh\u014dng ch\u00e9ng Mid Valley 3\u72ec\u7acb\u5e7f\u573aD\u00fal\u00ec gu\u01cengch\u01ceng Dataran Merdeka 4\u9633\u5149\u5e7f\u573aY\u00e1nggu\u0101ng gu\u01cengch\u01ceng Suria KLCC 5\u4e2d\u73af\u8f66\u7ad9Zh\u014dnghu\u00e1n ch\u0113zh\u00e0n KL Sentral 6\u5bcc\u90fd\u8f66\u7ad9F\u00f9 d\u014du ch\u0113zh\u00e0n Pudu Raya 7\u5df4\u751f\u8f66\u7ad9B\u0101sh\u0113ng ch\u0113zh\u00e0n Klang Bus Station 8\u56fd\u5bb6\u7687\u5babGu\u00f3ji\u0101 hu\u00e1ngg\u014dng National Palace 9\u56fd\u5bb6 \u52a8\u7269\u56edGu\u00f3ji\u0101 d\u00f2ngw\u00f9yu\u00e1n National Zoo 10\u56fd\u5bb6\u4f53\u80b2\u9986Gu\u00f3ji\u0101 t\u01d0y\u00f9gu\u01cen National Stadium 11\u5409\u9686\u5761\u5854J\u00edl\u00f3ngp\u014d t\u01ce KL Tower 12\u5409\u9686\u5761\u706b\u8f66\u7ad9J\u00edl\u00f3ngp\u014d hu\u01d2ch\u0113 zh\u00e0n KL Train Station 13\u57ce\u4e2d\u57ceCh\u00e9ngzh\u014dng [...]\" \/>\n<meta property=\"og:url\" content=\"https:\/\/mandarinclass.my\/v2\/vocabularies-list-\u6c49\u8bed\u8bcd\u6c47\/noun-tourism-spots\/\" \/>\n<meta property=\"og:site_name\" content=\"EDU Mandarin (KL) \u5409\u9686\u5761\u5353\u8d8a\u6c49\u8bed\" \/>\n<meta name=\"twitter:card\" content=\"summary_large_image\" \/>\n<meta name=\"twitter:label1\" content=\"Est. reading time\" \/>\n\t<meta name=\"twitter:data1\" content=\"1 minute\" \/>\n<script type=\"application\/ld+json\" class=\"yoast-schema-graph\">{\"@context\":\"https:\/\/schema.org\",\"@graph\":[{\"@type\":\"WebPage\",\"@id\":\"https:\/\/mandarinclass.my\/v2\/vocabularies-list-%e6%b1%89%e8%af%ad%e8%af%8d%e6%b1%87\/noun-tourism-spots\/\",\"url\":\"https:\/\/mandarinclass.my\/v2\/vocabularies-list-%e6%b1%89%e8%af%ad%e8%af%8d%e6%b1%87\/noun-tourism-spots\/\",\"name\":\"Noun (Tourism spots) - EDU Mandarin (KL) \u5409\u9686\u5761\u5353\u8d8a\u6c49\u8bed\",\"isPartOf\":{\"@id\":\"https:\/\/mandarinclass.my\/v2\/#website\"},\"datePublished\":\"2014-12-17T04:33:33+00:00\",\"breadcrumb\":{\"@id\":\"https:\/\/mandarinclass.my\/v2\/vocabularies-list-%e6%b1%89%e8%af%ad%e8%af%8d%e6%b1%87\/noun-tourism-spots\/#breadcrumb\"},\"inLanguage\":\"en-US\",\"potentialAction\":[{\"@type\":\"ReadAction\",\"target\":[\"https:\/\/mandarinclass.my\/v2\/vocabularies-list-%e6%b1%89%e8%af%ad%e8%af%8d%e6%b1%87\/noun-tourism-spots\/\"]}]},{\"@type\":\"BreadcrumbList\",\"@id\":\"https:\/\/mandarinclass.my\/v2\/vocabularies-list-%e6%b1%89%e8%af%ad%e8%af%8d%e6%b1%87\/noun-tourism-spots\/#breadcrumb\",\"itemListElement\":[{\"@type\":\"ListItem\",\"position\":1,\"name\":\"Home\",\"item\":\"https:\/\/mandarinclass.my\/v2\/\"},{\"@type\":\"ListItem\",\"position\":2,\"name\":\"Vocabularies List \u6c49\u8bed\u8bcd\u6c47\",\"item\":\"https:\/\/mandarinclass.my\/v2\/vocabularies-list-%e6%b1%89%e8%af%ad%e8%af%8d%e6%b1%87\/\"},{\"@type\":\"ListItem\",\"position\":3,\"name\":\"Noun (Tourism spots)\"}]},{\"@type\":\"WebSite\",\"@id\":\"https:\/\/mandarinclass.my\/v2\/#website\",\"url\":\"https:\/\/mandarinclass.my\/v2\/\",\"name\":\"EDU Mandarin (KL) \u5409\u9686\u5761\u5353\u8d8a\u6c49\u8bed\",\"description\":\"International Mandarin language Education\",\"potentialAction\":[{\"@type\":\"SearchAction\",\"target\":{\"@type\":\"EntryPoint\",\"urlTemplate\":\"https:\/\/mandarinclass.my\/v2\/?s={search_term_string}\"},\"query-input\":{\"@type\":\"PropertyValueSpecification\",\"valueRequired\":true,\"valueName\":\"search_term_string\"}}],\"inLanguage\":\"en-US\"}]}<\/script>\n<!-- \/ Yoast SEO plugin. -->","yoast_head_json":{"title":"Noun (Tourism spots)  - EDU Mandarin (KL) \u5409\u9686\u5761\u5353\u8d8a\u6c49\u8bed","robots":{"index":"index","follow":"follow","max-snippet":"max-snippet:-1","max-image-preview":"max-image-preview:large","max-video-preview":"max-video-preview:-1"},"canonical":"https:\/\/mandarinclass.my\/v2\/vocabularies-list-\u6c49\u8bed\u8bcd\u6c47\/noun-tourism-spots\/","og_locale":"en_US","og_type":"article","og_title":"Noun (Tourism spots)  - EDU Mandarin (KL) \u5409\u9686\u5761\u5353\u8d8a\u6c49\u8bed","og_description":"1\u53cc\u5cf0\u5854Shu\u0101ng f\u0113ng t\u01ce Twin Tower 2\u8c37\u4e2d\u57ceG\u01d4zh\u014dng ch\u00e9ng Mid Valley 3\u72ec\u7acb\u5e7f\u573aD\u00fal\u00ec gu\u01cengch\u01ceng Dataran Merdeka 4\u9633\u5149\u5e7f\u573aY\u00e1nggu\u0101ng gu\u01cengch\u01ceng Suria KLCC 5\u4e2d\u73af\u8f66\u7ad9Zh\u014dnghu\u00e1n ch\u0113zh\u00e0n KL Sentral 6\u5bcc\u90fd\u8f66\u7ad9F\u00f9 d\u014du ch\u0113zh\u00e0n Pudu Raya 7\u5df4\u751f\u8f66\u7ad9B\u0101sh\u0113ng ch\u0113zh\u00e0n Klang Bus Station 8\u56fd\u5bb6\u7687\u5babGu\u00f3ji\u0101 hu\u00e1ngg\u014dng National Palace 9\u56fd\u5bb6 \u52a8\u7269\u56edGu\u00f3ji\u0101 d\u00f2ngw\u00f9yu\u00e1n National Zoo 10\u56fd\u5bb6\u4f53\u80b2\u9986Gu\u00f3ji\u0101 t\u01d0y\u00f9gu\u01cen National Stadium 11\u5409\u9686\u5761\u5854J\u00edl\u00f3ngp\u014d t\u01ce KL Tower 12\u5409\u9686\u5761\u706b\u8f66\u7ad9J\u00edl\u00f3ngp\u014d hu\u01d2ch\u0113 zh\u00e0n KL Train Station 13\u57ce\u4e2d\u57ceCh\u00e9ngzh\u014dng [...]","og_url":"https:\/\/mandarinclass.my\/v2\/vocabularies-list-\u6c49\u8bed\u8bcd\u6c47\/noun-tourism-spots\/","og_site_name":"EDU Mandarin (KL) \u5409\u9686\u5761\u5353\u8d8a\u6c49\u8bed","twitter_card":"summary_large_image","twitter_misc":{"Est. reading time":"1 minute"},"schema":{"@context":"https:\/\/schema.org","@graph":[{"@type":"WebPage","@id":"https:\/\/mandarinclass.my\/v2\/vocabularies-list-%e6%b1%89%e8%af%ad%e8%af%8d%e6%b1%87\/noun-tourism-spots\/","url":"https:\/\/mandarinclass.my\/v2\/vocabularies-list-%e6%b1%89%e8%af%ad%e8%af%8d%e6%b1%87\/noun-tourism-spots\/","name":"Noun (Tourism spots) - EDU Mandarin (KL) \u5409\u9686\u5761\u5353\u8d8a\u6c49\u8bed","isPartOf":{"@id":"https:\/\/mandarinclass.my\/v2\/#website"},"datePublished":"2014-12-17T04:33:33+00:00","breadcrumb":{"@id":"https:\/\/mandarinclass.my\/v2\/vocabularies-list-%e6%b1%89%e8%af%ad%e8%af%8d%e6%b1%87\/noun-tourism-spots\/#breadcrumb"},"inLanguage":"en-US","potentialAction":[{"@type":"ReadAction","target":["https:\/\/mandarinclass.my\/v2\/vocabularies-list-%e6%b1%89%e8%af%ad%e8%af%8d%e6%b1%87\/noun-tourism-spots\/"]}]},{"@type":"BreadcrumbList","@id":"https:\/\/mandarinclass.my\/v2\/vocabularies-list-%e6%b1%89%e8%af%ad%e8%af%8d%e6%b1%87\/noun-tourism-spots\/#breadcrumb","itemListElement":[{"@type":"ListItem","position":1,"name":"Home","item":"https:\/\/mandarinclass.my\/v2\/"},{"@type":"ListItem","position":2,"name":"Vocabularies List \u6c49\u8bed\u8bcd\u6c47","item":"https:\/\/mandarinclass.my\/v2\/vocabularies-list-%e6%b1%89%e8%af%ad%e8%af%8d%e6%b1%87\/"},{"@type":"ListItem","position":3,"name":"Noun (Tourism spots)"}]},{"@type":"WebSite","@id":"https:\/\/mandarinclass.my\/v2\/#website","url":"https:\/\/mandarinclass.my\/v2\/","name":"EDU Mandarin (KL) \u5409\u9686\u5761\u5353\u8d8a\u6c49\u8bed","description":"International Mandarin language Education","potentialAction":[{"@type":"SearchAction","target":{"@type":"EntryPoint","urlTemplate":"https:\/\/mandarinclass.my\/v2\/?s={search_term_string}"},"query-input":{"@type":"PropertyValueSpecification","valueRequired":true,"valueName":"search_term_string"}}],"inLanguage":"en-US"}]}},"_links":{"self":[{"href":"https:\/\/mandarinclass.my\/v2\/wp-json\/wp\/v2\/pages\/501","targetHints":{"allow":["GET"]}}],"collection":[{"href":"https:\/\/mandarinclass.my\/v2\/wp-json\/wp\/v2\/pages"}],"about":[{"href":"https:\/\/mandarinclass.my\/v2\/wp-json\/wp\/v2\/types\/page"}],"author":[{"embeddable":true,"href":"https:\/\/mandarinclass.my\/v2\/wp-json\/wp\/v2\/users\/7"}],"replies":[{"embeddable":true,"href":"https:\/\/mandarinclass.my\/v2\/wp-json\/wp\/v2\/comments?post=501"}],"version-history":[{"count":0,"href":"https:\/\/mandarinclass.my\/v2\/wp-json\/wp\/v2\/pages\/501\/revisions"}],"up":[{"embeddable":true,"href":"https:\/\/mandarinclass.my\/v2\/wp-json\/wp\/v2\/pages\/464"}],"wp:attachment":[{"href":"https:\/\/mandarinclass.my\/v2\/wp-json\/wp\/v2\/media?parent=501"}],"curies":[{"name":"wp","href":"https:\/\/api.w.org\/{rel}","templated":true}]}}